51. What is the units digit of u?
8
Let y(w) = -w**3 - 9*w**2 - 11*w. Let g = -17 + 17. Suppose g = 4*p + 2*p + 48. What is the units digit of y(p)?
4
Let c = 8452 + -4832. What is the thousands digit of c?
3
Let k = -51 - -16. What is the units digit of (-1141)/k + (-3)/5?
2
Let d(r) = -r**3 - 3*r**2 + 4*r - 2. Let k be d(2). Let s be (6/9)/(k/(-105)). Suppose -s*l + 114 - 34 = 5*y, -4*y + 2*l = -64. What is the units digit of y?
6
Suppose -a - c = -5*a - 800, -5*a - 979 = 4*c. Let q = a + 373. What is the tens digit of q?
7
Suppose 0 = 56*l - 60*l + 1340. What is the units digit of l?
5
Suppose 0 = -4*y - 4*i + 48, 4*y + 0*y - 52 = -3*i. Let l = y - -110. What is the units digit of l?
6
Let x = -221 - -153. Let r = x - -84. What is the units digit of r?
6
Let w be (6 - (-84)/(-18))*(-1 + -50). Suppose -2*c = 0, -c - 34 - 56 = 5*a. Let x = a - w. What is the units digit of x?
0
Suppose -3*c + 20 = -c. Suppose -z + 1 = -2*d - 2*z, -c = 2*z. Suppose d*q + 60 = 4*v, v = -0*v - 4*q + 33. What is the units digit of v?
7
Suppose 3*h = 4*x - 7, h - 4*h + 21 = 3*x. Suppose -84 = -x*r + 580. What is the tens digit of r?
6
Let y(l) = 0*l - l**2 + 2*l + 4*l + 7 + 2. Let c be y(7). Suppose -a + 0*w - 5*w + 35 = 0, 3*w + 18 = c*a. What is the tens digit of a?
1
Suppose 0*p + 194 = 5*p - 3*d, 0 = 3*d - 6. What is the units digit of p?
0
Suppose -2*b = g - 2113, -4339 = -5*b + 3*g + 916. What is the units digit of b?
4
What is the hundreds digit of (533/(-39) - -13)/(4/(-1866))?
3
Let u be (-9)/12*(-8)/2. Let i be ((-1)/u)/((-6)/(-36)). What is the units digit of i/(-8) + 710/40?
8
Let z(w) = -3*w - 13. Suppose 4*r + 234 = 2*r. Let u be r/26*4/3. What is the units digit of z(u)?
5
Let m(x) = -x**2 + 19*x + 4. Let j be m(14). Let t = j + -39. What is the tens digit of t?
3
Suppose 0*z = 2*h - z - 175, 5*h = -2*z + 442. What is the tens digit of h?
8
Let l be (-5 + 1)/((-8)/20). Suppose p + p = -l, -5*p = d + 25. Suppose 0 = 5*y - 5*t - 10, d = -2*y - 0*y - 2*t. What is the units digit of y?
1
Let n be (-2)/(-10) + 9/5. Suppose 2*w - 156 = 3*h - 62, -w + n*h = -47. What is the tens digit of w?
4
Let w(y) = y + 1. Let d be w(1). Suppose -3*p + d*f + 10 + 5 = 0, 15 = -5*f. What is the units digit of p?
3
Suppose 0 = 4*y + y - 20. Suppose -5*b = -j + 198, -b + y = -3*b. What is the tens digit of j?
8
Suppose -31*i = -34*i + 186. What is the tens digit of i - ((-4)/(-6))/((-10)/60)?
6
Let t(g) = g**2 + g + 1. Suppose 5*u + 0*u - 25 = 0. Suppose 2*r = -d + u, 2 = -d + 2*d + r. What is the units digit of t(d)?
1
Suppose 2*c - 6 = i, -c = -5*i + 2*i - 18. Let x(u) = -6*u - 13. What is the tens digit of x(i)?
2
Let w(r) be the first derivative of r**3 - r**2 + r + 46. Suppose 7 = -5*o - 3. What is the units digit of w(o)?
7
Suppose -38 = -8*y + 3*y + 4*v, -3*y = 5*v - 45. Suppose -3*m + 5*f = -2, -m + y = 4*f - 2. What is the units digit of m?
4
Suppose -p + 4 = -5*p - 5*q, 0 = 3*p - q - 16. Let i = 25 - p. Suppose i = v - 9. What is the units digit of v?
0
Suppose 3*u = c + 23, 3*u - 3*c + 8*c - 47 = 0. Let w(y) = y**3 - 9*y**2 + 3*y - 7. Let k be w(u). Suppose 0*h + 4*h = k. What is the units digit of h?
5
Suppose -3*o + 274 = -302. Let u = o + -18. Suppose -8*a + 11*a = u. What is the tens digit of a?
5
Suppose 0 = 3*h + 2*q - 417, -h - 2*h + 417 = -5*q. What is the units digit of h - -1 - (1 + -6 + 3)?
2
Suppose 20296 = 15*t - 3044. What is the hundreds digit of t?
5
Suppose -5*l + 138*i - 140*i = -8560, l - 1712 = -4*i. What is the units digit of l?
2
Suppose -37 = -6*f + 17. What is the tens digit of 208*7/f + 2/9?
6
Let q be -4*(-78)/65*(-10)/(-3). Let y(f) = 4*f + 3. What is the units digit of y(q)?
7
Suppose -59743 + 20299 = -12*p. What is the hundreds digit of p?
2
Let v = 1673 - 468. What is the tens digit of v?
0
Suppose -131 = 9*f - 428. What is the units digit of f?
3
Let t(r) = -2*r + 9. Let q = 4 + 0. Suppose g = -d - 10, q*d - 11 = 3*g - 44. What is the tens digit of t(d)?
2
What is the units digit of (22 - -180) + (-24)/3?
4
Let z(h) = 9*h**2 - 21*h - 51. Let m(b) = 4*b**2 - 11*b - 26. Let k(v) = -7*m(v) + 3*z(v). What is the tens digit of k(15)?
1
Let t = -44 + 62. Let j be (8/12)/(3/t). Suppose z - 2*v - j = -7*v, -5*z - 2*v + 20 = 0. What is the units digit of z?
4
What is the hundreds digit of 2/(-25) - 231624/(-300)?
7
Suppose -4*v + 22 = 2*f - 0*f, 0 = -3*v - 3*f + 18. Suppose v*z - u - 48 + 15 = 0, 0 = -2*u - 6. What is the units digit of z?
6
Suppose -4*w + 5*r = 2174 - 15767, 4*w - 2*r = 13590. What is the hundreds digit of w?
3
Let t be (-441)/(-28)*16/6. Let l = t - 88. Let i = 114 + l. What is the tens digit of i?
6
What is the tens digit of 0 + 5 + -7 + 5545 + -7?
3
Suppose 1 = -j + t, -j - 1 = -5*t + 4. Let s = j - -3. Suppose -d + s*z + 87 = 4*d, 2*d = 4*z + 32. What is the tens digit of d?
1
Suppose 4*u - 7852 = -4*m, 0 = u + 2*m - 320 - 1642. What is the tens digit of u?
6
Let t(u) = u**3 - u + 1. Let s(x) = -x**2 - 3*x + 2. Let y(w) = -s(w) + 5*t(w). Let m be y(2). Let p = m - 31. What is the units digit of p?
2
Suppose -4*h + 23 = 3*u, -h + 10 = 4*h. Suppose 2*o - 110 = 4*d, 0 = -o + u*d - 33 + 97. Suppose 0 = 5*m + 9 - o. What is the units digit of m?
8
Let r(g) = -3*g**2 - 3*g + 11. Let p(t) = 3*t**2 + 3*t - 11. Let c(b) = -5*p(b) - 6*r(b). What is the tens digit of c(-6)?
7
Let a = -65 + 65. Suppose a = -p + 103 + 57. What is the units digit of p?
0
Suppose 36*g + 1534 = 38*g. What is the tens digit of g?
6
Let i be 2/4 - (-8750)/28. Let c = 453 - i. What is the tens digit of c?
4
Let j(a) = -a**3 - 6*a**2 - 5*a. Suppose 3*y + 10 + 5 = 0. Let t be j(y). Suppose -r + 2*k + 10 = t, -2*k = -3*r - 3 + 45. What is the tens digit of r?
1
Suppose 2*t + 299 = -r + 4*r, r - 102 = 3*t. Let u = 333 - r. What is the hundreds digit of u?
2
Let k(l) = -l**3 - 4*l**2 + 4*l - 5. Let p be k(-5). Suppose 4*t - 2*j = -10, 0 = -p*t - 2*t + 4*j + 10. What is the units digit of 3/6*(-10)/t?
1
Let q = 21 + -22. Let t be (6*q)/((-3)/(-9)). What is the tens digit of (-30)/135 + (-1282)/t?
7
What is the units digit of (8/4*4)/(10/1145)?
6
Suppose -12 = -0*n - n - 4*b, 2*n = 4*b - 12. Suppose 45 = 2*m + 5*h, 5*m + 3*h - 132 + 10 = n. What is the units digit of m?
5
Suppose 0 = -0*l - l + 35. Suppose 0 = -2*p + 19 + l. Suppose -26*j = -p*j + 16. What is the units digit of j?
6
Suppose -2*m - 4386 = -5*n, 3*n = 2*m - 564 + 3198. What is the hundreds digit of n?
8
Let f(m) = m**3 - 3*m**2 - 2*m + 6. Let q(b) = -3*b - 14. Let o(n) = n**3 + 5*n**2 - 5*n. Let p be o(-6). Let l be q(p). What is the units digit of f(l)?
4
Let v be (3 - (1 + (-10)/(-4)))*34. What is the tens digit of v/((30/65)/(-6))?
2
Suppose -25*w + 910 = w. Suppose 0 = -m - 4*m + 315. Let o = m - w. What is the units digit of o?
8
What is the units digit of (84/22 - (-2)/11) + 381?
5
Let b be (245/(-21))/((-2)/6). Let q = b + 1. What is the units digit of q?
6
Let t = 112 + 445. Suppose 5*j - 108 = t. What is the tens digit of j?
3
What is the thousands digit of (88 - 2)*(31 + -3)?
2
Let n(m) = -m**2 + m + 27. Let u be n(4). Suppose u*k - 1218 = 1197. What is the tens digit of k?
6
Suppose b + 5*h - 3 = 0, -3*h = b - 5 + 2. Suppose b*s - 123 = 12. Suppose -o + s = 2*l, o = 6*o - 5. What is the units digit of l?
2
Suppose -3 = -h - 2, 5*f = -2*h + 12097. What is the units digit of f?
9
Let q be (3/1)/(1/(-8)). Let d = q + 24. Suppose 5*j - 3*r - 2*r - 175 = d, 5*j = r + 195. What is the units digit of j?
0
Let q = -3931 + 5715. What is the units digit of q?
4
Suppose 3*b + 4*y = 590 - 199, -3*b + 4*y + 383 = 0. What is the tens digit of b?
2
Let s(x) = -x**3 + 5*x**2 - 3*x - 3. Let p be s(4). What is the units digit of (p/(-3))/(6/(-18)) + 15?
6
Suppose 0 = 2*y + 5*x + 12, -5*x - 16 = 5*y - 4*y. Suppose 0 = 4*n - b - 86, 2*n = 5*n - y*b - 71. What is the tens digit of n?
2
Suppose -6*h - 3*p - 495 = -h, -217 = 2*h + 5*p. Let i = -19 - h. What is the units digit of i?
7
Let i(x) = x**2 - 2*x - 7. Suppose 4*n - 2*z + 30 = 0, 7*z - 2*z - 5 = 0. Let w = n + 16. What is the units digit of i(w)?
6
Let s be (-1)/1 + (2*-158)/4. Let i = s + 121. What is the units digit of i?
1
Suppose 2*g + 5*q + 11 = -0*g, 5*g - 1 = -3*q. Suppose g*f = -8, 2*f + 104 = 3*r - 0*f. What is the units digit of r?
2
W